{"id":3346,"date":"2026-01-03T07:31:00","date_gmt":"2026-01-03T06:31:00","guid":{"rendered":"http:\/\/ecorepair.at\/?page_id=3346"},"modified":"2026-01-03T07:38:36","modified_gmt":"2026-01-03T06:38:36","slug":"dienst","status":"publish","type":"page","link":"https:\/\/ecorepair.at\/index.php\/dienst\/","title":{"rendered":"Dienstleistungen"},"content":{"rendered":"\t\t<div data-elementor-type=\"wp-page\" data-elementor-id=\"3346\" class=\"elementor elementor-3346\" data-elementor-post-type=\"page\">\n\t\t\t\t<div class=\"wd-negative-gap elementor-element elementor-element-8cb498d e-flex e-con-boxed e-con e-parent\" data-id=\"8cb498d\" data-element_type=\"container\">\n\t\t\t\t\t<div class=\"e-con-inner\">\n\t\t\t\t<div class=\"elementor-element elementor-element-304830c elementor-widget__width-initial elementor-widget-mobile__width-inherit elementor-widget elementor-widget-wd_banner\" data-id=\"304830c\" data-element_type=\"widget\" data-widget_type=\"wd_banner.default\">\n\t\t\t\t<div class=\"elementor-widget-container\">\n\t\t\t\t\t\t\t<div class=\"promo-banner-wrapper\">\n\t\t\t<div class=\"promo-banner banner-content-background banner-hover-border color-scheme-light banner-btn-size-default banner-btn-style-link with-btn banner-btn-position-static wd-with-link\">\n\t\t\t\t<div class=\"main-wrapp-img\">\n\t\t\t\t\t<div class=\"banner-image\">\n\t\t\t\t\t\t\t\t\t\t\t\t\t\t\t\t\t\t\t\t\t<img loading=\"lazy\" decoding=\"async\" width=\"83\" height=\"50\" src=\"https:\/\/ecorepair.at\/wp-content\/uploads\/2025\/12\/Screenshot-2025-12-28-at-10.52.06.png\" class=\"attachment-x50 size-x50\" alt=\"\" srcset=\"https:\/\/ecorepair.at\/wp-content\/uploads\/2025\/12\/Screenshot-2025-12-28-at-10.52.06.png 86w, https:\/\/ecorepair.at\/wp-content\/uploads\/2025\/12\/Screenshot-2025-12-28-at-10.52.06-83x50.png 83w\" sizes=\"auto, (max-width: 83px) 100vw, 83px\" \/>\t\t\t\t\t\t\t\t\t\t\t\t\t\t\t\t\t\t<\/div>\n\t\t\t\t<\/div>\n\n\t\t\t\t<div class=\"wrapper-content-banner wd-fill wd-items-bottom wd-justify-left\">\n\t\t\t\t\t<div class=\"content-banner  text-left\">\n\t\t\t\t\t\t\n\t\t\t\t\t\t\n\t\t\t\t\t\t\n\t\t\t\t\t\t\n\t\t\t\t\t\t\t\t\t\t\t\t\t<div class=\"banner-btn-wrapper\">\n\t\t\t\t\t\t\t\t\t\t<div class=\"wd-button-wrapper text-left\" >\n\t\t\t<a class=\"btn btn-style-link btn-shape- btn-size-default btn-color-alt btn-icon-pos-right\"  href=\"https:\/\/ecorepair.at\/dienst\/druck-repa\/\">\n\t\t\t\t<span class=\"wd-btn-text\" data-elementor-setting-key=\"text\">\n\t\t\t\t\tDrucker Service und Reparatur\t\t\t\t<\/span>\n\n\t\t\t\t\t\t\t<\/a>\n\t\t<\/div>\n\t\t\t\t\t\t\t\t\t<\/div>\n\t\t\t\t\t\t\t\t\t\t\t<\/div>\n\t\t\t\t<\/div>\n\n\t\t\t\t\t\t\t\t\t<a href=\"https:\/\/ecorepair.at\/dienst\/druck-repa\/\" class=\"wd-promo-banner-link wd-fill\" aria-label=\"Banner link\"><\/a>\n\t\t\t\t\t\t\t<\/div>\n\t\t<\/div>\n\t\t\t\t\t\t<\/div>\n\t\t\t\t<\/div>\n\t\t\t\t<div class=\"elementor-element elementor-element-d8c47cc elementor-widget__width-initial elementor-widget-mobile__width-inherit elementor-widget elementor-widget-wd_banner\" data-id=\"d8c47cc\" data-element_type=\"widget\" data-widget_type=\"wd_banner.default\">\n\t\t\t\t<div class=\"elementor-widget-container\">\n\t\t\t\t\t\t\t<div class=\"promo-banner-wrapper\">\n\t\t\t<div class=\"promo-banner banner-content-background banner-hover-border color-scheme-light banner-btn-size-default banner-btn-style-link with-btn banner-btn-position-static wd-with-link\">\n\t\t\t\t<div class=\"main-wrapp-img\">\n\t\t\t\t\t<div class=\"banner-image\">\n\t\t\t\t\t\t\t\t\t\t\t\t\t\t\t\t\t\t\t\t\t<img loading=\"lazy\" decoding=\"async\" width=\"86\" height=\"52\" src=\"https:\/\/ecorepair.at\/wp-content\/uploads\/2025\/12\/Screenshot-2025-12-28-at-10.52.06.png\" class=\"attachment-full size-full\" alt=\"\" srcset=\"https:\/\/ecorepair.at\/wp-content\/uploads\/2025\/12\/Screenshot-2025-12-28-at-10.52.06.png 86w, https:\/\/ecorepair.at\/wp-content\/uploads\/2025\/12\/Screenshot-2025-12-28-at-10.52.06-83x50.png 83w\" sizes=\"auto, (max-width: 86px) 100vw, 86px\" \/>\t\t\t\t\t\t\t\t\t\t\t\t\t\t\t\t\t\t<\/div>\n\t\t\t\t<\/div>\n\n\t\t\t\t<div class=\"wrapper-content-banner wd-fill wd-items-bottom wd-justify-left\">\n\t\t\t\t\t<div class=\"content-banner  text-left\">\n\t\t\t\t\t\t\n\t\t\t\t\t\t\n\t\t\t\t\t\t\n\t\t\t\t\t\t\n\t\t\t\t\t\t\t\t\t\t\t\t\t<div class=\"banner-btn-wrapper\">\n\t\t\t\t\t\t\t\t\t\t<div class=\"wd-button-wrapper text-left\" >\n\t\t\t<a class=\"btn btn-style-link btn-shape- btn-size-default btn-icon-pos-right\"  href=\"https:\/\/ecorepair.at\/dienst\/kopi-reparatur\/\">\n\t\t\t\t<span class=\"wd-btn-text\" data-elementor-setting-key=\"text\">\n\t\t\t\t\tKopierger\u00e4t Service und Reparatur\t\t\t\t<\/span>\n\n\t\t\t\t\t\t\t<\/a>\n\t\t<\/div>\n\t\t\t\t\t\t\t\t\t<\/div>\n\t\t\t\t\t\t\t\t\t\t\t<\/div>\n\t\t\t\t<\/div>\n\n\t\t\t\t\t\t\t\t\t<a href=\"https:\/\/ecorepair.at\/dienst\/kopi-reparatur\/\" class=\"wd-promo-banner-link wd-fill\" aria-label=\"Banner link\"><\/a>\n\t\t\t\t\t\t\t<\/div>\n\t\t<\/div>\n\t\t\t\t\t\t<\/div>\n\t\t\t\t<\/div>\n\t\t\t\t<div class=\"elementor-element elementor-element-0d6b8bc elementor-widget__width-initial elementor-widget-mobile__width-inherit elementor-widget elementor-widget-wd_banner\" data-id=\"0d6b8bc\" data-element_type=\"widget\" data-widget_type=\"wd_banner.default\">\n\t\t\t\t<div class=\"elementor-widget-container\">\n\t\t\t\t\t\t\t<div class=\"promo-banner-wrapper\">\n\t\t\t<div class=\"promo-banner banner-content-background banner-hover-border color-scheme-light banner-btn-size-default banner-btn-style-link with-btn banner-btn-position-static wd-with-link\">\n\t\t\t\t<div class=\"main-wrapp-img\">\n\t\t\t\t\t<div class=\"banner-image\">\n\t\t\t\t\t\t\t\t\t\t\t\t\t\t\t\t\t\t\t\t\t<img loading=\"lazy\" decoding=\"async\" width=\"86\" height=\"52\" src=\"https:\/\/ecorepair.at\/wp-content\/uploads\/2025\/12\/Screenshot-2025-12-28-at-10.52.06.png\" class=\"attachment-full size-full\" alt=\"\" srcset=\"https:\/\/ecorepair.at\/wp-content\/uploads\/2025\/12\/Screenshot-2025-12-28-at-10.52.06.png 86w, https:\/\/ecorepair.at\/wp-content\/uploads\/2025\/12\/Screenshot-2025-12-28-at-10.52.06-83x50.png 83w\" sizes=\"auto, (max-width: 86px) 100vw, 86px\" \/>\t\t\t\t\t\t\t\t\t\t\t\t\t\t\t\t\t\t<\/div>\n\t\t\t\t<\/div>\n\n\t\t\t\t<div class=\"wrapper-content-banner wd-fill wd-items-bottom wd-justify-left\">\n\t\t\t\t\t<div class=\"content-banner  text-left\">\n\t\t\t\t\t\t\n\t\t\t\t\t\t\n\t\t\t\t\t\t\n\t\t\t\t\t\t\n\t\t\t\t\t\t\t\t\t\t\t\t\t<div class=\"banner-btn-wrapper\">\n\t\t\t\t\t\t\t\t\t\t<div class=\"wd-button-wrapper text-left\" >\n\t\t\t<a class=\"btn btn-style-link btn-shape- btn-size-default btn-icon-pos-right\"  href=\"https:\/\/ecorepair.at\/dienst\/laptop-reparatur\/\">\n\t\t\t\t<span class=\"wd-btn-text\" data-elementor-setting-key=\"text\">\n\t\t\t\t\tLaptop und Notebook Reparatur und Upgrade\t\t\t\t<\/span>\n\n\t\t\t\t\t\t\t<\/a>\n\t\t<\/div>\n\t\t\t\t\t\t\t\t\t<\/div>\n\t\t\t\t\t\t\t\t\t\t\t<\/div>\n\t\t\t\t<\/div>\n\n\t\t\t\t\t\t\t\t\t<a href=\"https:\/\/ecorepair.at\/dienst\/laptop-reparatur\/\" class=\"wd-promo-banner-link wd-fill\" aria-label=\"Banner link\"><\/a>\n\t\t\t\t\t\t\t<\/div>\n\t\t<\/div>\n\t\t\t\t\t\t<\/div>\n\t\t\t\t<\/div>\n\t\t\t\t<div class=\"elementor-element elementor-element-ec54e07 elementor-widget__width-initial elementor-widget-mobile__width-inherit elementor-widget elementor-widget-wd_banner\" data-id=\"ec54e07\" data-element_type=\"widget\" data-widget_type=\"wd_banner.default\">\n\t\t\t\t<div class=\"elementor-widget-container\">\n\t\t\t\t\t\t\t<div class=\"promo-banner-wrapper\">\n\t\t\t<div class=\"promo-banner banner-content-background banner-hover-border color-scheme-light banner-btn-size-default banner-btn-style-link with-btn banner-btn-position-static wd-with-link\">\n\t\t\t\t<div class=\"main-wrapp-img\">\n\t\t\t\t\t<div class=\"banner-image\">\n\t\t\t\t\t\t\t\t\t\t\t\t\t\t\t\t\t\t\t\t\t<img loading=\"lazy\" decoding=\"async\" width=\"86\" height=\"52\" src=\"https:\/\/ecorepair.at\/wp-content\/uploads\/2025\/12\/Screenshot-2025-12-28-at-10.52.06.png\" class=\"attachment-full size-full\" alt=\"\" srcset=\"https:\/\/ecorepair.at\/wp-content\/uploads\/2025\/12\/Screenshot-2025-12-28-at-10.52.06.png 86w, https:\/\/ecorepair.at\/wp-content\/uploads\/2025\/12\/Screenshot-2025-12-28-at-10.52.06-83x50.png 83w\" sizes=\"auto, (max-width: 86px) 100vw, 86px\" \/>\t\t\t\t\t\t\t\t\t\t\t\t\t\t\t\t\t\t<\/div>\n\t\t\t\t<\/div>\n\n\t\t\t\t<div class=\"wrapper-content-banner wd-fill wd-items-bottom wd-justify-left\">\n\t\t\t\t\t<div class=\"content-banner  text-left\">\n\t\t\t\t\t\t\n\t\t\t\t\t\t\n\t\t\t\t\t\t\n\t\t\t\t\t\t\n\t\t\t\t\t\t\t\t\t\t\t\t\t<div class=\"banner-btn-wrapper\">\n\t\t\t\t\t\t\t\t\t\t<div class=\"wd-button-wrapper text-left\" >\n\t\t\t<a class=\"btn btn-style-link btn-shape- btn-size-default btn-icon-pos-right\"  href=\"https:\/\/ecorepair.at\/dienst\/mac-reparatur\/\">\n\t\t\t\t<span class=\"wd-btn-text\" data-elementor-setting-key=\"text\">\n\t\t\t\t\tMacBook Reparatur und Upgrade\t\t\t\t<\/span>\n\n\t\t\t\t\t\t\t<\/a>\n\t\t<\/div>\n\t\t\t\t\t\t\t\t\t<\/div>\n\t\t\t\t\t\t\t\t\t\t\t<\/div>\n\t\t\t\t<\/div>\n\n\t\t\t\t\t\t\t\t\t<a href=\"https:\/\/ecorepair.at\/dienst\/mac-reparatur\/\" class=\"wd-promo-banner-link wd-fill\" aria-label=\"Banner link\"><\/a>\n\t\t\t\t\t\t\t<\/div>\n\t\t<\/div>\n\t\t\t\t\t\t<\/div>\n\t\t\t\t<\/div>\n\t\t\t\t<div class=\"elementor-element elementor-element-607ddac elementor-widget__width-initial elementor-widget-mobile__width-inherit elementor-widget elementor-widget-wd_banner\" data-id=\"607ddac\" data-element_type=\"widget\" data-widget_type=\"wd_banner.default\">\n\t\t\t\t<div class=\"elementor-widget-container\">\n\t\t\t\t\t\t\t<div class=\"promo-banner-wrapper\">\n\t\t\t<div class=\"promo-banner banner-content-background banner-hover-border color-scheme-light banner-btn-size-default banner-btn-style-link with-btn banner-btn-position-static wd-with-link\">\n\t\t\t\t<div class=\"main-wrapp-img\">\n\t\t\t\t\t<div class=\"banner-image\">\n\t\t\t\t\t\t\t\t\t\t\t\t\t\t\t\t\t\t\t\t\t<img loading=\"lazy\" decoding=\"async\" width=\"83\" height=\"50\" src=\"https:\/\/ecorepair.at\/wp-content\/uploads\/2025\/12\/Screenshot-2025-12-28-at-10.52.06.png\" class=\"attachment-x50 size-x50\" alt=\"\" srcset=\"https:\/\/ecorepair.at\/wp-content\/uploads\/2025\/12\/Screenshot-2025-12-28-at-10.52.06.png 86w, https:\/\/ecorepair.at\/wp-content\/uploads\/2025\/12\/Screenshot-2025-12-28-at-10.52.06-83x50.png 83w\" sizes=\"auto, (max-width: 83px) 100vw, 83px\" \/>\t\t\t\t\t\t\t\t\t\t\t\t\t\t\t\t\t\t<\/div>\n\t\t\t\t<\/div>\n\n\t\t\t\t<div class=\"wrapper-content-banner wd-fill wd-items-bottom wd-justify-left\">\n\t\t\t\t\t<div class=\"content-banner  text-left\">\n\t\t\t\t\t\t\n\t\t\t\t\t\t\n\t\t\t\t\t\t\n\t\t\t\t\t\t\n\t\t\t\t\t\t\t\t\t\t\t\t\t<div class=\"banner-btn-wrapper\">\n\t\t\t\t\t\t\t\t\t\t<div class=\"wd-button-wrapper text-left\" >\n\t\t\t<a class=\"btn btn-style-link btn-shape- btn-size-default btn-color-alt btn-icon-pos-right\"  href=\"https:\/\/ecorepair.at\/dienst\/toner-kar\/\">\n\t\t\t\t<span class=\"wd-btn-text\" data-elementor-setting-key=\"text\">\n\t\t\t\t\tRefill Toner Kartuschen\t\t\t\t<\/span>\n\n\t\t\t\t\t\t\t<\/a>\n\t\t<\/div>\n\t\t\t\t\t\t\t\t\t<\/div>\n\t\t\t\t\t\t\t\t\t\t\t<\/div>\n\t\t\t\t<\/div>\n\n\t\t\t\t\t\t\t\t\t<a href=\"https:\/\/ecorepair.at\/dienst\/toner-kar\/\" class=\"wd-promo-banner-link wd-fill\" aria-label=\"Banner link\"><\/a>\n\t\t\t\t\t\t\t<\/div>\n\t\t<\/div>\n\t\t\t\t\t\t<\/div>\n\t\t\t\t<\/div>\n\t\t\t\t\t<\/div>\n\t\t\t\t<\/div>\n\t\t<div class=\"wd-negative-gap elementor-element elementor-element-a141d4f e-flex e-con-boxed e-con e-parent\" data-id=\"a141d4f\" data-element_type=\"container\">\n\t\t\t\t\t<div class=\"e-con-inner\">\n\t\t\t\t<div class=\"elementor-element elementor-element-3de3be8 elementor-widget elementor-widget-wd_text_block\" data-id=\"3de3be8\" data-element_type=\"widget\" data-widget_type=\"wd_text_block.default\">\n\t\t\t\t<div class=\"elementor-widget-container\">\n\t\t\t\t\t\t\t<div class=\"wd-text-block reset-last-child text-left\">\n\t\t\t\n\t\t\t<h2>Professioneller Service f\u00fcr Drucker, Kopierer und B\u00fcroger\u00e4te<\/h2><p>Unsere Dienstleistungen decken s\u00e4mtliche Bereiche rund um Druck- und Kopiersysteme ab \u2013 von der schnellen Reparatur bis zum vollst\u00e4ndigen Wartungskonzept f\u00fcr ganze Unternehmensstandorte. Jedes Ger\u00e4t, das in einem B\u00fcro im Einsatz ist, muss funktionieren, sonst entstehen Kosten, Verz\u00f6gerungen und Arbeitsstillstand. Genau hier setzen wir an: Wir reparieren nicht nur einzelne Ger\u00e4te, sondern sorgen daf\u00fcr, dass Ihre komplette B\u00fcrotechnik dauerhaft zuverl\u00e4ssig bleibt. Dazu geh\u00f6ren professionelle Fehlersuche, Austausch defekter Komponenten, regelm\u00e4\u00dfige Reinigung, Firmware-Updates und die Einrichtung von Netzwerkkonfigurationen.<\/p><p>Ein wichtiger Teil unseres Serviceangebots ist die Vor-Ort-Reparatur. Statt Ger\u00e4te einzuschicken oder tagelang stillzulegen, kommen unsere geschulten Techniker direkt zu Ihnen. Viele Defekte entstehen durch verschlissene Einzugsrollen, verschmutzte Fixiereinheiten oder veraltete Treiber \u2013 Probleme, die wir meist innerhalb eines einzigen Termins beheben. F\u00fcr Unternehmen mit hohem Druckaufkommen stellen wir auf Wunsch ein Ersatzger\u00e4t bereit, damit kein Arbeitsplatz ausf\u00e4llt. Alle Reparaturen erfolgen ausschlie\u00dflich mit gepr\u00fcften Ersatzteilen, wodurch wir die Lebensdauer Ihrer Ger\u00e4te deutlich verl\u00e4ngern.<\/p><p>Neben der Reparatur k\u00fcmmern wir uns auch um die komplette Systempflege. Wir erstellen Wartungspl\u00e4ne, \u00fcberpr\u00fcfen Druckz\u00e4hlst\u00e4nde, tauschen Verschlei\u00dfteile rechtzeitig aus und sorgen daf\u00fcr, dass kein Ger\u00e4t pl\u00f6tzlich ausf\u00e4llt. F\u00fcr viele Firmen \u00fcbernehmen wir zus\u00e4tzlich die Verbrauchsmateriallogistik: Wir liefern Toner, Kartuschen und Resttonerbeh\u00e4lter automatisch nach Verbrauch \u2013 ohne dass Ihre Mitarbeiter Bestellungen verfolgen m\u00fcssen. Diese Kombination aus Reparatur, Wartung und Versorgung macht unseren Service zu einer echten Runduml\u00f6sung f\u00fcr Unternehmen jeder Gr\u00f6\u00dfe.<\/p><p>\u00a0<\/p><h3>Refurbished Ger\u00e4te, Upgrades und nachhaltige B\u00fcrotechnikl\u00f6sungen<\/h3><p>Neben der klassischen Reparatur bieten wir eine zunehmend gefragte Alternative: professionell aufbereitete Refurbished-Drucksysteme. Viele Unternehmen entscheiden sich heute bewusst gegen einen Neukauf, weil moderne B\u00fcrotechnik hohe Anschaffungskosten verursacht, aber nicht zwangsl\u00e4ufig l\u00e4nger h\u00e4lt. Unsere Refurbished Ger\u00e4te werden technisch \u00fcberholt, gereinigt, mit neuen Verschlei\u00dfteilen ausgestattet und anschlie\u00dfend mit Garantie ausgeliefert. Dadurch erhalten Sie perfekte Business-Qualit\u00e4t, zahlen aber bis zu 60 % weniger als bei Neuger\u00e4ten.<\/p><p>Auch beim Thema Nachhaltigkeit bieten wir einen echten Mehrwert. Durch die Weiterverwendung hochwertiger Drucksysteme vermeiden wir Elektroschrott und reduzieren den Ressourcenverbrauch. Gleichzeitig sinken die Betriebskosten, da Kyocera-, HP- und Brother-Systeme im Refurbished-Bereich besonders wirtschaftlich arbeiten \u2013 oft mit Druckkosten von unter einem Cent pro Seite. F\u00fcr Unternehmen mit CSR-Richtlinien oder Umweltzertifizierungen ist dieser Ansatz nicht nur wirtschaftlich, sondern auch strategisch sinnvoll.<\/p><p>Unser Service endet nicht bei Druckern. Wir \u00fcbernehmen auch Notebook- und MacBook-Upgrades, tauschen SSDs, erweitern Arbeitsspeicher, erneuern Akkus und beheben \u00dcberhitzungsprobleme. Statt neue Ger\u00e4te zu kaufen, bringen wir vorhandene Systeme auf den aktuellen Leistungsstand \u2013 vollst\u00e4ndig kompatibel mit modernen Betriebssystemen und Unternehmenssoftware. Das Ergebnis: weniger Investitionskosten, weniger Ausfallzeiten und ein messbar nachhaltigerer IT-Betrieb.<\/p><p>Durch die Verbindung von Reparatur, Aufbereitung und technischer Modernisierung decken wir den gesamten Lebenszyklus Ihrer B\u00fcrotechnik ab. Egal ob Sie ein einzelnes Ger\u00e4t ben\u00f6tigen, eine komplette Abteilung mit Druckern ausstatten m\u00f6chten oder eine Full-Service-Druckl\u00f6sung suchen \u2013 wir sind Ihr Ansprechpartner f\u00fcr wirtschaftliche, zuverl\u00e4ssige und nachhaltige IT- und Druckinfrastruktur.<\/p>\n\t\t\t\t\t<\/div>\n\t\t\t\t\t\t<\/div>\n\t\t\t\t<\/div>\n\t\t\t\t\t<\/div>\n\t\t\t\t<\/div>\n\t\t\t\t<\/div>\n\t\t","protected":false},"excerpt":{"rendered":"<p>Drucker Service und Reparatur Kopierger\u00e4t Service und Reparatur Laptop und Notebook Reparatur und Upgrade MacBook Reparatur und Upgrade Refill Toner<\/p>\n","protected":false},"author":1,"featured_media":0,"parent":0,"menu_order":0,"comment_status":"closed","ping_status":"closed","template":"","meta":{"footnotes":""},"class_list":["post-3346","page","type-page","status-publish","hentry"],"_links":{"self":[{"href":"https:\/\/ecorepair.at\/index.php\/wp-json\/wp\/v2\/pages\/3346","targetHints":{"allow":["GET"]}}],"collection":[{"href":"https:\/\/ecorepair.at\/index.php\/wp-json\/wp\/v2\/pages"}],"about":[{"href":"https:\/\/ecorepair.at\/index.php\/wp-json\/wp\/v2\/types\/page"}],"author":[{"embeddable":true,"href":"https:\/\/ecorepair.at\/index.php\/wp-json\/wp\/v2\/users\/1"}],"replies":[{"embeddable":true,"href":"https:\/\/ecorepair.at\/index.php\/wp-json\/wp\/v2\/comments?post=3346"}],"version-history":[{"count":7,"href":"https:\/\/ecorepair.at\/index.php\/wp-json\/wp\/v2\/pages\/3346\/revisions"}],"predecessor-version":[{"id":3353,"href":"https:\/\/ecorepair.at\/index.php\/wp-json\/wp\/v2\/pages\/3346\/revisions\/3353"}],"wp:attachment":[{"href":"https:\/\/ecorepair.at\/index.php\/wp-json\/wp\/v2\/media?parent=3346"}],"curies":[{"name":"wp","href":"https:\/\/api.w.org\/{rel}","templated":true}]}}