{"id":2507,"date":"2025-08-04T13:32:32","date_gmt":"2025-08-04T13:32:32","guid":{"rendered":"https:\/\/dummy.xtemos.com\/woodmart2\/pets-elementor\/?page_id=18"},"modified":"2026-01-03T07:26:47","modified_gmt":"2026-01-03T06:26:47","slug":"about-us","status":"publish","type":"page","link":"https:\/\/ecorepair.at\/index.php\/about-us\/","title":{"rendered":"About us"},"content":{"rendered":"\t\t<div data-elementor-type=\"wp-page\" data-elementor-id=\"2507\" class=\"elementor elementor-2507\" data-elementor-post-type=\"page\">\n\t\t\t\t<div class=\"wd-negative-gap elementor-element elementor-element-027f74a wd-section-stretch e-flex e-con-boxed e-con e-parent\" data-id=\"027f74a\" data-element_type=\"container\" data-settings=\"{&quot;background_background&quot;:&quot;classic&quot;}\">\n\t\t\t\t\t<div class=\"e-con-inner\">\n\t\t\t\t<div class=\"elementor-element elementor-element-dd3bafa wd-el-page-heading text-left elementor-widget elementor-widget-wd_page_heading\" data-id=\"dd3bafa\" data-element_type=\"widget\" data-widget_type=\"wd_page_heading.default\">\n\t\t\t\t<div class=\"elementor-widget-container\">\n\t\t\t\t\t<h2 class=\"entry-title title\">About us<\/h2>\t\t\t\t<\/div>\n\t\t\t\t<\/div>\n\t\t\t\t<div class=\"elementor-element elementor-element-d41ec81 wd-el-breadcrumbs text-left elementor-widget elementor-widget-wd_element_breadcrumbs\" data-id=\"d41ec81\" data-element_type=\"widget\" data-widget_type=\"wd_element_breadcrumbs.default\">\n\t\t\t\t<div class=\"elementor-widget-container\">\n\t\t\t\t\t<nav class=\"wd-breadcrumbs\"><a href=\"https:\/\/ecorepair.at\/\">Home<\/a><span class=\"wd-delimiter\"><\/span><span class=\"wd-last\">Seite<\/span><\/nav>\t\t\t\t<\/div>\n\t\t\t\t<\/div>\n\t\t\t\t\t<\/div>\n\t\t\t\t<\/div>\n\t\t<div class=\"wd-negative-gap elementor-element elementor-element-10a5fc4 e-flex e-con-boxed e-con e-parent\" data-id=\"10a5fc4\" data-element_type=\"container\" data-settings=\"{&quot;background_background&quot;:&quot;classic&quot;}\">\n\t\t\t\t\t<div class=\"e-con-inner\">\n\t\t<div class=\"elementor-element elementor-element-8f6003d e-con-full e-flex e-con e-child\" data-id=\"8f6003d\" data-element_type=\"container\" data-settings=\"{&quot;background_background&quot;:&quot;classic&quot;}\">\n\t\t\t\t<\/div>\n\t\t<div class=\"elementor-element elementor-element-1454eb1 e-con-full color-scheme-light e-flex e-con e-child\" data-id=\"1454eb1\" data-element_type=\"container\">\n\t\t\t\t<div class=\"elementor-element elementor-element-eeb1441 wd-width-100 elementor-widget elementor-widget-wd_title\" data-id=\"eeb1441\" data-element_type=\"widget\" data-widget_type=\"wd_title.default\">\n\t\t\t\t<div class=\"elementor-widget-container\">\n\t\t\t\t\t\t\t<div class=\"title-wrapper wd-set-mb reset-last-child wd-title-color-default wd-title-style-default wd-title-size-default text-left\">\n\n\t\t\t\n\t\t\t<div class=\"liner-continer\">\n\t\t\t\t<h4 class=\"woodmart-title-container title wd-fontsize-l\">Unser Erfolgsweg: Ein Blick auf die Geschichte und Errungenschaften<\/h4> \n\t\t\t\t\t\t\t<\/div>\n\n\t\t\t\t\t<\/div>\n\t\t\t\t\t\t<\/div>\n\t\t\t\t<\/div>\n\t\t\t\t<div class=\"elementor-element elementor-element-23aacc8 elementor-widget elementor-widget-wd_text_block\" data-id=\"23aacc8\" data-element_type=\"widget\" data-widget_type=\"wd_text_block.default\">\n\t\t\t\t<div class=\"elementor-widget-container\">\n\t\t\t\t\t\t\t<div class=\"wd-text-block reset-last-child text-left\">\n\t\t\t\n\t\t\t<p>Geschwindigkeit und Qualit\u00e4t vereint mit Innovation und Fachkompetenz. Wir bem\u00fchen uns, mit h\u00f6chster Geschwindigkeit und Qualit\u00e4t von der Annahme Ihres Ger\u00e4ts bis zur vollst\u00e4ndigen Reparatur an Ihrer Seite zu sein, liebe Kunden.<\/p>\n\t\t\t\t\t<\/div>\n\t\t\t\t\t\t<\/div>\n\t\t\t\t<\/div>\n\t\t\t\t<div class=\"elementor-element elementor-element-ca7a063 wd-width-100 elementor-widget elementor-widget-wd_title\" data-id=\"ca7a063\" data-element_type=\"widget\" data-widget_type=\"wd_title.default\">\n\t\t\t\t<div class=\"elementor-widget-container\">\n\t\t\t\t\t\t\t<div class=\"title-wrapper wd-set-mb reset-last-child wd-title-color-default wd-title-style-default wd-title-size-default text-left\">\n\n\t\t\t\n\t\t\t<div class=\"liner-continer\">\n\t\t\t\t<h4 class=\"woodmart-title-container title wd-fontsize-l\">Langj\u00e4hrige Erfahrung in der Druckerbranche<\/h4> \n\t\t\t\t\t\t\t<\/div>\n\n\t\t\t\t\t<\/div>\n\t\t\t\t\t\t<\/div>\n\t\t\t\t<\/div>\n\t\t\t\t<div class=\"elementor-element elementor-element-acd571b elementor-widget elementor-widget-wd_text_block\" data-id=\"acd571b\" data-element_type=\"widget\" data-widget_type=\"wd_text_block.default\">\n\t\t\t\t<div class=\"elementor-widget-container\">\n\t\t\t\t\t\t\t<div class=\"wd-text-block reset-last-child text-left\">\n\t\t\t\n\t\t\t<p>Mit jahrelanger Erfahrung in der Druckerreparatur haben wir uns zu einem der angesehensten Servicezentren entwickelt und bieten unseren Kunden stets die beste Qualit\u00e4t und Geschwindigkeit.<\/p>\n\t\t\t\t\t<\/div>\n\t\t\t\t\t\t<\/div>\n\t\t\t\t<\/div>\n\t\t\t\t<\/div>\n\t\t\t\t\t<\/div>\n\t\t\t\t<\/div>\n\t\t<div class=\"wd-negative-gap elementor-element elementor-element-820c6fa e-flex e-con-boxed e-con e-parent\" data-id=\"820c6fa\" data-element_type=\"container\">\n\t\t\t\t\t<div class=\"e-con-inner\">\n\t\t<div class=\"elementor-element elementor-element-76d9d9e e-con-full e-flex e-con e-child\" data-id=\"76d9d9e\" data-element_type=\"container\">\n\t\t\t\t<div class=\"elementor-element elementor-element-74b337c elementor-widget elementor-widget-wd_image_or_svg\" data-id=\"74b337c\" data-element_type=\"widget\" data-widget_type=\"wd_image_or_svg.default\">\n\t\t\t\t<div class=\"elementor-widget-container\">\n\t\t\t\t\t\n\t\t<div class=\"wd-image text-left\">\n\t\t\t\t\t\t\t\t<img loading=\"lazy\" decoding=\"async\" width=\"600\" height=\"340\" src=\"https:\/\/ecorepair.at\/wp-content\/uploads\/2026\/01\/ITNH-printer-repair-service-copy-600x340-1.jpg\" class=\"attachment-full size-full\" alt=\"\" srcset=\"https:\/\/ecorepair.at\/wp-content\/uploads\/2026\/01\/ITNH-printer-repair-service-copy-600x340-1.jpg 600w, https:\/\/ecorepair.at\/wp-content\/uploads\/2026\/01\/ITNH-printer-repair-service-copy-600x340-1-400x227.jpg 400w, https:\/\/ecorepair.at\/wp-content\/uploads\/2026\/01\/ITNH-printer-repair-service-copy-600x340-1-430x244.jpg 430w, https:\/\/ecorepair.at\/wp-content\/uploads\/2026\/01\/ITNH-printer-repair-service-copy-600x340-1-150x85.jpg 150w\" sizes=\"auto, (max-width: 600px) 100vw, 600px\" \/>\t\t\t\t\t<\/div>\n\n\t\t\t\t\t\t<\/div>\n\t\t\t\t<\/div>\n\t\t\t\t<\/div>\n\t\t<div class=\"elementor-element elementor-element-e131762 e-con-full e-flex e-con e-child\" data-id=\"e131762\" data-element_type=\"container\">\n\t\t\t\t<div class=\"elementor-element elementor-element-902975d wd-width-100 elementor-widget elementor-widget-wd_title\" data-id=\"902975d\" data-element_type=\"widget\" data-widget_type=\"wd_title.default\">\n\t\t\t\t<div class=\"elementor-widget-container\">\n\t\t\t\t\t\t\t<div class=\"title-wrapper wd-set-mb reset-last-child wd-title-color-default wd-title-style-default wd-title-size-default text-left\">\n\n\t\t\t\n\t\t\t<div class=\"liner-continer\">\n\t\t\t\t<h4 class=\"woodmart-title-container title wd-fontsize-l\">Fachwissen steht an erster Stelle<\/h4> \n\t\t\t\t\t\t\t<\/div>\n\n\t\t\t\t\t\t\t<div class=\"title-after_title reset-last-child wd-fontsize-xs\">\n\t\t\t\t\t<p>Mit dem Fokus auf Fachkenntnis haben wir von Anfang an versucht, unseren Kunden den besten Druckerreparaturservice zu bieten. Fachwissen war f\u00fcr uns immer oberste Priorit\u00e4t und genau das ist der Schl\u00fcssel zu unserem Erfolg.<\/p><p>\u00a0<\/p>\t\t\t\t<\/div>\n\t\t\t\t\t<\/div>\n\t\t\t\t\t\t<\/div>\n\t\t\t\t<\/div>\n\t\t\t\t<\/div>\n\t\t\t\t\t<\/div>\n\t\t\t\t<\/div>\n\t\t<div class=\"wd-negative-gap elementor-element elementor-element-b53ea43 e-flex e-con-boxed e-con e-parent\" data-id=\"b53ea43\" data-element_type=\"container\">\n\t\t\t\t\t<div class=\"e-con-inner\">\n\t\t<div class=\"elementor-element elementor-element-e5f2cb6 e-con-full e-flex e-con e-child\" data-id=\"e5f2cb6\" data-element_type=\"container\">\n\t\t\t\t<div class=\"elementor-element elementor-element-a5a3374 wd-width-100 elementor-widget elementor-widget-wd_title\" data-id=\"a5a3374\" data-element_type=\"widget\" data-widget_type=\"wd_title.default\">\n\t\t\t\t<div class=\"elementor-widget-container\">\n\t\t\t\t\t\t\t<div class=\"title-wrapper wd-set-mb reset-last-child wd-title-color-default wd-title-style-default wd-title-size-default text-left\">\n\n\t\t\t\n\t\t\t<div class=\"liner-continer\">\n\t\t\t\t<h4 class=\"woodmart-title-container title wd-fontsize-l\">Einfachere Bereitstellung von Dienstleistungen<\/h4> \n\t\t\t\t\t\t\t<\/div>\n\n\t\t\t\t\t\t\t<div class=\"title-after_title reset-last-child wd-fontsize-xs\">\n\t\t\t\t\t<p>Im Laufe der Zeit war es stets unser Ziel, durch die Verbesserung unserer Prozesse und den Einsatz neuer Technologien unseren Kunden einen einfacheren und schnelleren Service zu bieten, um ihnen eine herausragende und zufriedenstellende Erfahrung zu erm\u00f6glichen.<\/p><p>\u00a0<\/p>\t\t\t\t<\/div>\n\t\t\t\t\t<\/div>\n\t\t\t\t\t\t<\/div>\n\t\t\t\t<\/div>\n\t\t\t\t<\/div>\n\t\t<div class=\"elementor-element elementor-element-7c1872d e-con-full e-flex e-con e-child\" data-id=\"7c1872d\" data-element_type=\"container\">\n\t\t\t\t<div class=\"elementor-element elementor-element-2eb735c elementor-widget elementor-widget-wd_image_or_svg\" data-id=\"2eb735c\" data-element_type=\"widget\" data-widget_type=\"wd_image_or_svg.default\">\n\t\t\t\t<div class=\"elementor-widget-container\">\n\t\t\t\t\t\n\t\t<div class=\"wd-image text-left\">\n\t\t\t\t\t\t\t\t<img loading=\"lazy\" decoding=\"async\" width=\"600\" height=\"340\" src=\"https:\/\/ecorepair.at\/wp-content\/uploads\/2026\/01\/ITNH-printer-repair-service-copy-600x340-1.jpg\" class=\"attachment-full size-full\" alt=\"\" srcset=\"https:\/\/ecorepair.at\/wp-content\/uploads\/2026\/01\/ITNH-printer-repair-service-copy-600x340-1.jpg 600w, https:\/\/ecorepair.at\/wp-content\/uploads\/2026\/01\/ITNH-printer-repair-service-copy-600x340-1-400x227.jpg 400w, https:\/\/ecorepair.at\/wp-content\/uploads\/2026\/01\/ITNH-printer-repair-service-copy-600x340-1-430x244.jpg 430w, https:\/\/ecorepair.at\/wp-content\/uploads\/2026\/01\/ITNH-printer-repair-service-copy-600x340-1-150x85.jpg 150w\" sizes=\"auto, (max-width: 600px) 100vw, 600px\" \/>\t\t\t\t\t<\/div>\n\n\t\t\t\t\t\t<\/div>\n\t\t\t\t<\/div>\n\t\t\t\t<\/div>\n\t\t\t\t\t<\/div>\n\t\t\t\t<\/div>\n\t\t<div class=\"wd-negative-gap elementor-element elementor-element-b6fd351 e-flex e-con-boxed e-con e-parent\" data-id=\"b6fd351\" data-element_type=\"container\">\n\t\t\t\t\t<div class=\"e-con-inner\">\n\t\t<div class=\"elementor-element elementor-element-985fe55 e-con-full e-flex e-con e-child\" data-id=\"985fe55\" data-element_type=\"container\">\n\t\t\t\t<div class=\"elementor-element elementor-element-8bdc7b4 elementor-widget elementor-widget-wd_image_or_svg\" data-id=\"8bdc7b4\" data-element_type=\"widget\" data-widget_type=\"wd_image_or_svg.default\">\n\t\t\t\t<div class=\"elementor-widget-container\">\n\t\t\t\t\t\n\t\t<div class=\"wd-image text-left\">\n\t\t\t\t\t\t\t\t<img loading=\"lazy\" decoding=\"async\" width=\"600\" height=\"340\" src=\"https:\/\/ecorepair.at\/wp-content\/uploads\/2026\/01\/crop_3465347761374b67717020d83bac3826-600x340-1.jpg\" class=\"attachment-full size-full\" alt=\"\" srcset=\"https:\/\/ecorepair.at\/wp-content\/uploads\/2026\/01\/crop_3465347761374b67717020d83bac3826-600x340-1.jpg 600w, https:\/\/ecorepair.at\/wp-content\/uploads\/2026\/01\/crop_3465347761374b67717020d83bac3826-600x340-1-400x227.jpg 400w, https:\/\/ecorepair.at\/wp-content\/uploads\/2026\/01\/crop_3465347761374b67717020d83bac3826-600x340-1-430x244.jpg 430w, https:\/\/ecorepair.at\/wp-content\/uploads\/2026\/01\/crop_3465347761374b67717020d83bac3826-600x340-1-150x85.jpg 150w\" sizes=\"auto, (max-width: 600px) 100vw, 600px\" \/>\t\t\t\t\t<\/div>\n\n\t\t\t\t\t\t<\/div>\n\t\t\t\t<\/div>\n\t\t\t\t<\/div>\n\t\t<div class=\"elementor-element elementor-element-f85fdbd e-con-full e-flex e-con e-child\" data-id=\"f85fdbd\" data-element_type=\"container\">\n\t\t\t\t<div class=\"elementor-element elementor-element-98cee2c wd-width-100 elementor-widget elementor-widget-wd_title\" data-id=\"98cee2c\" data-element_type=\"widget\" data-widget_type=\"wd_title.default\">\n\t\t\t\t<div class=\"elementor-widget-container\">\n\t\t\t\t\t\t\t<div class=\"title-wrapper wd-set-mb reset-last-child wd-title-color-default wd-title-style-default wd-title-size-default text-left\">\n\n\t\t\t\n\t\t\t<div class=\"liner-continer\">\n\t\t\t\t<h4 class=\"woodmart-title-container title wd-fontsize-l\">Verschmelzung mit Technologie<\/h4> \n\t\t\t\t\t\t\t<\/div>\n\n\t\t\t\t\t\t\t<div class=\"title-after_title reset-last-child wd-fontsize-xs\">\n\t\t\t\t\t<p>\u201eVerschmelzung mit Technologie\u201c bedeutet f\u00fcr uns, moderne Technologien zu nutzen, um unsere Dienstleistungen zu verbessern und effizienter zu gestalten. Wir haben unser Wissen mit innovativen L\u00f6sungen kombiniert, um unsere Services \u00fcber das Internet unseren Kunden anzubieten.<\/p><p>\u00a0<\/p>\t\t\t\t<\/div>\n\t\t\t\t\t<\/div>\n\t\t\t\t\t\t<\/div>\n\t\t\t\t<\/div>\n\t\t\t\t<\/div>\n\t\t\t\t\t<\/div>\n\t\t\t\t<\/div>\n\t\t<div class=\"wd-negative-gap elementor-element elementor-element-8093896 e-flex e-con-boxed e-con e-parent\" data-id=\"8093896\" data-element_type=\"container\">\n\t\t\t\t\t<div class=\"e-con-inner\">\n\t\t<div class=\"elementor-element elementor-element-f893ee2 e-con-full e-flex e-con e-child\" data-id=\"f893ee2\" data-element_type=\"container\">\n\t\t\t\t<div class=\"elementor-element elementor-element-759ee01 wd-width-100 elementor-widget elementor-widget-wd_title\" data-id=\"759ee01\" data-element_type=\"widget\" data-widget_type=\"wd_title.default\">\n\t\t\t\t<div class=\"elementor-widget-container\">\n\t\t\t\t\t\t\t<div class=\"title-wrapper wd-set-mb reset-last-child wd-title-color-default wd-title-style-default wd-title-size-default text-left\">\n\n\t\t\t\n\t\t\t<div class=\"liner-continer\">\n\t\t\t\t<h4 class=\"woodmart-title-container title wd-fontsize-l\">Zusammenarbeit mit mehr Experten<\/h4> \n\t\t\t\t\t\t\t<\/div>\n\n\t\t\t\t\t\t\t<div class=\"title-after_title reset-last-child wd-fontsize-xs\">\n\t\t\t\t\t<p>Durch die Zusammenarbeit mit mehr Experten haben wir unser Wissen erweitert und k\u00f6nnen unseren Kunden bessere Dienstleistungen bieten. Diese Kooperationen erm\u00f6glichen es uns, innovativere L\u00f6sungen umzusetzen und die Qualit\u00e4t unserer Services kontinuierlich zu verbessern.<\/p><p>\u00a0<\/p>\t\t\t\t<\/div>\n\t\t\t\t\t<\/div>\n\t\t\t\t\t\t<\/div>\n\t\t\t\t<\/div>\n\t\t\t\t<\/div>\n\t\t<div class=\"elementor-element elementor-element-ee16b03 e-con-full e-flex e-con e-child\" data-id=\"ee16b03\" data-element_type=\"container\">\n\t\t\t\t<div class=\"elementor-element elementor-element-748927d elementor-widget elementor-widget-wd_image_or_svg\" data-id=\"748927d\" data-element_type=\"widget\" data-widget_type=\"wd_image_or_svg.default\">\n\t\t\t\t<div class=\"elementor-widget-container\">\n\t\t\t\t\t\n\t\t<div class=\"wd-image text-left\">\n\t\t\t\t\t\t\t\t<img loading=\"lazy\" decoding=\"async\" width=\"2560\" height=\"1707\" src=\"https:\/\/ecorepair.at\/wp-content\/uploads\/2026\/01\/056-de-copy-scaled-1.jpg\" class=\"attachment-full size-full\" alt=\"\" srcset=\"https:\/\/ecorepair.at\/wp-content\/uploads\/2026\/01\/056-de-copy-scaled-1.jpg 2560w, https:\/\/ecorepair.at\/wp-content\/uploads\/2026\/01\/056-de-copy-scaled-1-400x267.jpg 400w, https:\/\/ecorepair.at\/wp-content\/uploads\/2026\/01\/056-de-copy-scaled-1-1200x800.jpg 1200w, https:\/\/ecorepair.at\/wp-content\/uploads\/2026\/01\/056-de-copy-scaled-1-768x512.jpg 768w, https:\/\/ecorepair.at\/wp-content\/uploads\/2026\/01\/056-de-copy-scaled-1-1536x1024.jpg 1536w, https:\/\/ecorepair.at\/wp-content\/uploads\/2026\/01\/056-de-copy-scaled-1-2048x1366.jpg 2048w, https:\/\/ecorepair.at\/wp-content\/uploads\/2026\/01\/056-de-copy-scaled-1-430x287.jpg 430w, https:\/\/ecorepair.at\/wp-content\/uploads\/2026\/01\/056-de-copy-scaled-1-700x467.jpg 700w, https:\/\/ecorepair.at\/wp-content\/uploads\/2026\/01\/056-de-copy-scaled-1-150x100.jpg 150w\" sizes=\"auto, (max-width: 2560px) 100vw, 2560px\" \/>\t\t\t\t\t<\/div>\n\n\t\t\t\t\t\t<\/div>\n\t\t\t\t<\/div>\n\t\t\t\t<\/div>\n\t\t\t\t\t<\/div>\n\t\t\t\t<\/div>\n\t\t\t\t<\/div>\n\t\t","protected":false},"excerpt":{"rendered":"<p>About us HomePage Unser Erfolgsweg: Ein Blick auf die Geschichte und Errungenschaften Geschwindigkeit und Qualit\u00e4t vereint mit Innovation und Fachkompetenz.<\/p>\n","protected":false},"author":1,"featured_media":0,"parent":0,"menu_order":0,"comment_status":"closed","ping_status":"closed","template":"","meta":{"footnotes":""},"class_list":["post-2507","page","type-page","status-publish","hentry"],"_links":{"self":[{"href":"https:\/\/ecorepair.at\/index.php\/wp-json\/wp\/v2\/pages\/2507","targetHints":{"allow":["GET"]}}],"collection":[{"href":"https:\/\/ecorepair.at\/index.php\/wp-json\/wp\/v2\/pages"}],"about":[{"href":"https:\/\/ecorepair.at\/index.php\/wp-json\/wp\/v2\/types\/page"}],"author":[{"embeddable":true,"href":"https:\/\/ecorepair.at\/index.php\/wp-json\/wp\/v2\/users\/1"}],"replies":[{"embeddable":true,"href":"https:\/\/ecorepair.at\/index.php\/wp-json\/wp\/v2\/comments?post=2507"}],"version-history":[{"count":33,"href":"https:\/\/ecorepair.at\/index.php\/wp-json\/wp\/v2\/pages\/2507\/revisions"}],"predecessor-version":[{"id":3343,"href":"https:\/\/ecorepair.at\/index.php\/wp-json\/wp\/v2\/pages\/2507\/revisions\/3343"}],"wp:attachment":[{"href":"https:\/\/ecorepair.at\/index.php\/wp-json\/wp\/v2\/media?parent=2507"}],"curies":[{"name":"wp","href":"https:\/\/api.w.org\/{rel}","templated":true}]}}